. Let z(p) = -p**2 + 12*p - 11. Let o be z(2). Calculate the highest common factor of o and a.
9
Let m(j) = 9*j - 72. Let c be m(11). Suppose -3*g = 2*g - 45. Calculate the greatest common factor of g and c.
9
Let m(c) = -c**3 + 2*c**2 + 3*c + 3. Let y be m(3). Let j(f) = -f**3 + 4*f**2 + 2*f + 12. Let t be j(0). Calculate the greatest common divisor of y and t.
3
Let d(g) = 27*g - 3. Let f be d(2). Suppose 2*m + 4*r + 0 - 20 = 0, -3*r = m - 14. Suppose -m*u + f = u. Calculate the greatest common divisor of u and 17.
17
Suppose -x - 1 + 43 = 3*g, -g + 28 = 5*x. Suppose 0*o - 2*o - 466 = -4*m, 5*o - 5 = 0. What is the highest common divisor of m and g?
13
Let d be (189 + (-6)/3)/1. Suppose -3*x - 2*x - 10 = 0, 4*n + 22 = x. Let u = n + 23. Calculate the greatest common divisor of d and u.
17
Let l(a) = 443*a**2 + 28*a - 2. Let j be l(1). What is the greatest common factor of 134 and j?
67
Let y be (-7)/28*4 - -19 - 0. Let z = 241 + -97. What is the greatest common divisor of y and z?
18
Let q(a) = 10*a**2 + 39*a - 15. Let m be q(-5). Calculate the highest common factor of m and 16.
8
Let h be (6/5*69)/(15/50). Calculate the highest common divisor of h and 12.
12
Let d be 2 + (-9)/(-3) - 3. Let y(c) = 25*c + 6 - 4*c**2 - 28*c + 7*c**d. Let l be y(-5). Calculate the greatest common divisor of l and 12.
12
Let g = -35 + 24. Let b(v) = -2*v + 4. Let y be b(g). Let u be (y/(-8))/(1/(-20)). Calculate the highest common divisor of 26 and u.
13
Suppose -2*w - 10 = -7*w. Suppose w*j - 85 = 5*x - 2*x, -x - 79 = -2*j. What is the highest common factor of j and 304?
38
Let z(k) = -14*k - 52. Let c be z(-8). Suppose 13*j - c = 10*j. What is the greatest common divisor of j and 30?
10
Let i = 11 + -17. Let y be 5/2*i/(-5). Suppose -m = -5*c + 263, -y*m + 40 = c + m. Calculate the highest common divisor of 13 and c.
13
Let g(f) = f**3 + 15*f**2 + 14*f + 17. Let i be g(-14). Calculate the highest common factor of i and 833.
17
Suppose 5*m - 6 - 54 = 0. Suppose -4*o - 5*g = -31, -g - g + 10 = o. Suppose -o*c + m = -3*c. Calculate the highest common factor of 60 and c.
12
Suppose 14*f = 9*f - 35. Let w = f - -13. Calculate the greatest common divisor of w and 30.
6
Let a be ((-198)/(-2))/(-10 - (-710)/70). Calculate the greatest common divisor of 77 and a.
77
Let k(v) = 5*v + 264. Let x be k(-32). Suppose -q + 4*q = 9. Suppose n - 3*r = 19, -6*r - 6 = -q*r. What is the greatest common divisor of n and x?
13
Let b = 74 - 68. Let h = -28 - -52. What is the highest common factor of b and h?
6
Suppose 6 = -2*i, 1 = -2*a - 3*i + 2. Suppose 0*k + 5*k - 25 = -a*f, -5*k = -f + 11. What is the highest common divisor of 18 and f?
6
Let l be (12 - 13)*(-6)/(-2). Let i(w) = -6*w - 9. Let r be i(l). Calculate the highest common factor of r and 63.
9
Let s be 12/7*1*42. What is the greatest common divisor of 84 and s?
12
Suppose c - 3 = -11. Let a be (-4)/c*108/2. Suppose -3*p - a = -6*p. Calculate the greatest common divisor of p and 1.
1
Let r be (-8)/(-14) + 8/(-14). Suppose r*c = 4*c + 68. Let s = -1 - c. Calculate the greatest common factor of 40 and s.
8
Suppose 5*o + 1199 = 3*m, 9*o = -4*m + 6*o + 1647. What is the greatest common divisor of m and 255?
51
Let s = -335 - -391. Calculate the greatest common divisor of s and 32.
8
Let c be (376/(-16) + -8)*-2. Calculate the highest common divisor of c and 90.
9
Let r = 106 + -120. Suppose -a = 4*d - 147, -d - 4*a + 1 = -17. Let c = r + d. Calculate the greatest common divisor of 16 and c.
8
Let x(l) = 3*l**2 + 3*l. Let f be x(-2). What is the greatest common factor of 21 and f?
3
Let k(b) = -b + 34. Let i(n) = n**2 + 12*n - 31. Let y be i(-15). Let f be k(y). What is the greatest common factor of 160 and f?
20
Suppose 5*v = -4*m + 27, 3*m - 10 + 1 = 0. Suppose -v*h + 270 = 6*h. What is the highest common divisor of h and 20?
10
Let l(n) = -27*n - 6. Let y be 7 + -5 + 2 - 7. Let h be l(y). Suppose -3*d + s = -7 - 33, -3*d = -3*s - 30. Calculate the greatest common divisor of h and d.
15
Suppose -2*l - 5*d + 64 - 14 = 0, -3*d = 3*l - 84. Let i be 50/((4/(-3))/(-2)). What is the greatest common factor of l and i?
15
Suppose -5*t - p = 3*p - 396, 3*t - 4*p - 212 = 0. Let x be 363/19 + 78/(-741). What is the greatest common divisor of x and t?
19
Let j be -2 + ((-166)/3)/((-2)/(-6)). Let b be -4*(4/(-14) - (-78)/j). Calculate the highest common divisor of b and 2.
1
Let g = -129 + 174. What is the greatest common factor of g and 27?
9
Let u(w) = -13*w - 21. Let y be u(9). Let n = y + 165. What is the greatest common divisor of 108 and n?
27
Let t = -364 - -428. What is the greatest common factor of 160 and t?
32
Suppose -118 = 5*k + 3*y - 364, -148 = -3*k - 2*y. Let n = -8 - k. Let c be (n/40)/(2/(-10)). What is the highest common divisor of c and 77?
7
Let x(j) = -19*j - 40. Let i be x(-8). Calculate the greatest common divisor of 21 and i.
7
Let d = -60 - -764. What is the highest common factor of 44 and d?
44
Let o(a) = -3*a**2 + 23*a + 40. Let c be o(9). Let u(r) = -17*r. Let z be u(-4). What is the greatest common factor of c and z?
4
Suppose -10*z + 9*z = -3, 5*z = 2*g - 13. What is the highest common divisor of g and 119?
7
Let n = -1724 - -1969. What is the greatest common factor of n and 98?
49
Suppose -936 = 11*k - 17*k. Suppose 9*d - k = 3*d. What is the greatest common divisor of 104 and d?
26
Let u = 71 - 47. Suppose 0 = 2*h - 5*i - 51, -2*i - 2*i = 2*h - u. Suppose -h*b + 19*b = 12. Calculate the greatest common factor of b and 30.
6
Let v be (-8)/28 - 1530/(-14) - -3. Calculate the greatest common factor of v and 16.
16
Let d be 51/9 - (-4)/(-6). Suppose 5*b - 4*b = 4. Suppose -b*z = -7*z + 105. Calculate the highest common divisor of d and z.
5
Let h be (-8)/(-6)*(-27)/(-6). Let j = 22 + -31. Let s = 21 - j. Calculate the highest common divisor of h and s.
6
Suppose -2*h + 97 = 3*s, 23*s + 15 = 24*s + 5*h. Let t be 1*(-1)/3*-15. Calculate the highest common divisor of s and t.
5
Suppose -58 = -6*g + 86. What is the greatest common divisor of 88 and g?
8
Let s(t) = 30 + 4*t + 11 - 10 + 8. Let h be s(-8). Calculate the greatest common factor of h and 112.
7
Let z be (51/(-85))/(1/(-3525)). Calculate the highest common divisor of z and 45.
45
Suppose 10*j - 41 = 19. Let y be (j/12)/(3/1554). Calculate the highest common divisor of 37 and y.
37
Let n(m) be the first derivative of m**2/2 - 2*m - 1. Let g be n(5). Suppose -v - 1 = -g. What is the highest common factor of v and 2?
2
Let p be 18 - 0/(-2 + -4). Let c(s) = 30*s. Let b be c(3). What is the greatest common divisor of b and p?
18
Suppose -7*l + 91 = 70. Suppose -95 = -2*s - 3*s. Suppose z + 5*x = -s, 5*z + x - 40 = l*x. Calculate the highest common divisor of 48 and z.
6
Suppose 0 = 9*j - 259 - 182. Suppose 8 = 5*y - 27. Calculate the highest common factor of y and j.
7
Suppose 0 = -b + 6*b - 1810. Let q = 524 - b. Calculate the greatest common factor of 18 and q.
18
Let d(v) = v**2 + 7*v. Let y be d(-7). Suppose 50 = -y*m + m. Let x = 27 - 7. Calculate the greatest common divisor of x and m.
10
Let z(o) = -41*o + 625. Let t be z(15). Let y be -6*((-4)/(-6))/(-1). What is the greatest common factor of t and y?
2
Let w = 266 - 254. What is the highest common factor of w and 12?
12
Suppose 4*r + 18 = 3*r. Let m be (-1)/(1/(-13)*22/132). Let q = r + m. Calculate the greatest common factor of 20 and q.
20
Suppose 2*g = -3*p - 9, 3*g - 2*p - 2*p - 29 = 0. Let v be (-20)/g*(-234)/52. What is the greatest common divisor of v and 10?
10
Suppose -432 = -3*s + 3*v, 2*s + v - 2*v = 284. What is the highest common divisor of 35 and s?
35
Let y = 234 - 209. Calculate the highest common divisor of 425 and y.
25
Let f be (-2 - 1)/((-1)/(-2)). Let h be (-12 - f)*-3*4. Let a = h - 7. Calculate the highest common factor of a and 26.
13
Let h(s) = -s + 14. Let k be h(6). Let u = 1071 + -1063. Calculate the highest common divisor of k and u.
8
Let i = -156 - -175. What is the highest common divisor of i and 133?
19
Let b = 512 + -321. Let m = b - 136. What is the highest common divisor of 55 and m?
55
Let o(p) = p**3 + 14*p**2 + 42*p - 29. Let z be o(-8). What is the highest common divisor of z and 3?
1
Suppose j + 8 = -t, 7 = -2*t + 5*j - 9. Let c be 207/12 - (-2)/t. Sup